8928 is divided by 48439.
11416
Calculate the remainder when 3927308 is divided by 42687.
104
Calculate the remainder when 1699850 is divided by 1230.
1220
What is the remainder when 693288598 is divided by 6522?
6520
Calculate the remainder when 14456552 is divided by 48.
8
Calculate the remainder when 1185789 is divided by 395258.
15
What is the remainder when 144555732 is divided by 144555724?
8
Calculate the remainder when 447189 is divided by 807.
111
What is the remainder when 49187 is divided by 1978?
1715
What is the remainder when 524020 is divided by 268?
80
Calculate the remainder when 3082344 is divided by 964.
436
Calculate the remainder when 9662885 is divided by 3220724.
713
What is the remainder when 2226021 is divided by 100?
21
Calculate the remainder when 27254 is divided by 6610.
814
What is the remainder when 876771 is divided by 6547?
6020
Calculate the remainder when 1020159 is divided by 174.
171
Calculate the remainder when 387353 is divided by 193530.
293
What is the remainder when 100095319 is divided by 340?
339
Calculate the remainder when 83990 is divided by 3256.
2590
Calculate the remainder when 13413065 is divided by 23782.
17
What is the remainder when 9084 is divided by 411?
42
What is the remainder when 2674759 is divided by 637?
633
Calculate the remainder when 5981411 is divided by 82.
3
Calculate the remainder when 125031 is divided by 41449.
684
Calculate the remainder when 17802013 is divided by 55.
53
Calculate the remainder when 21628239 is divided by 3390.
39
What is the remainder when 353004382 is divided by 17?
11
What is the remainder when 1487772 is divided by 1107?
1071
Calculate the remainder when 15638149 is divided by 38235.
34
Calculate the remainder when 699308 is divided by 377.
350
What is the remainder when 4362278 is divided by 46?
6
What is the remainder when 2355201 is divided by 164?
161
Calculate the remainder when 183726 is divided by 45859.
290
What is the remainder when 7128203 is divided by 88?
27
Calculate the remainder when 1051651 is divided by 1533.
13
Calculate the remainder when 836769 is divided by 225.
219
What is the remainder when 102201204 is divided by 80?
4
What is the remainder when 334010 is divided by 24?
2
Calculate the remainder when 3017162 is divided by 72.
2
Calculate the remainder when 825707 is divided by 259.
15
Calculate the remainder when 3198543 is divided by 11547.
24
Calculate the remainder when 19121 is divided by 6067.
920
Calculate the remainder when 44082717 is divided by 330.
327
Calculate the remainder when 19996905 is divided by 1102.
13
What is the remainder when 20010097 is divided by 10005046?
5
Calculate the remainder when 1447458 is divided by 65790.
78
What is the remainder when 18417361 is divided by 37?
19
What is the remainder when 854110 is divided by 4521?
4162
What is the remainder when 434040774 is divided by 2452?
2446
Calculate the remainder when 3993335 is divided by 570406.
493
What is the remainder when 18399 is divided by 1422?
1335
What is the remainder when 4359052 is divided by 15680?
12
What is the remainder when 2966552 is divided by 7097?
6
What is the remainder when 40370 is divided by 6716?
74
What is the remainder when 956692 is divided by 127?
1
Calculate the remainder when 746055 is divided by 9134.
6201
What is the remainder when 1991147 is divided by 23422?
277
Calculate the remainder when 3270466 is divided by 19821.
1
What is the remainder when 2965372 is divided by 4473?
4246
What is the remainder when 1966433 is divided by 327733?
35
What is the remainder when 56960 is divided by 453?
335
Calculate the remainder when 16109960 is divided by 1948.
0
Calculate the remainder when 2203 is divided by 687.
142
What is the remainder when 478223 is divided by 119343?
851
What is the remainder when 161271 is divided by 4260?
3651
What is the remainder when 25313247 is divided by 1808087?
29
Calculate the remainder when 3818219 is divided by 545435.
174
Calculate the remainder when 259223 is divided by 86369.
116
What is the remainder when 15883 is divided by 5166?
385
Calculate the remainder when 1288696 is divided by 429564.
4
Calculate the remainder when 14243438 is divided by 3401.
50
What is the remainder when 77167856 is divided by 220?
216
Calculate the remainder when 16416643 is divided by 255.
253
Calculate the remainder when 34414896 is divided by 1199.
1198
What is the remainder when 49046 is divided by 1176?
830
What is the remainder when 465204 is divided by 4611?
4104
What is the remainder when 1225728 is divided by 689?
686
Calculate the remainder when 40334437 is divided by 127.
126
What is the remainder when 26179 is divided by 436?
19
What is the remainder when 2025778 is divided by 155826?
40
What is the remainder when 884915 is divided by 176969?
70
What is the remainder when 342866 is divided by 5914?
5768
Calculate the remainder when 2700720 is divided by 3045.
2850
What is the remainder when 40137 is divided by 701?
180
Calculate the remainder when 44400 is divided by 41840.
2560
What is the remainder when 11739618 is divided by 1338?
6
Calculate the remainder when 6100095 is divided by 1168.
799
Calculate the remainder when 2140775 is divided by 5678.
169
Calculate the remainder when 65486 is divided by 2155.
836
What is the remainder when 6528 is divided by 2680?
1168
What is the remainder when 1502778 is divided by 29?
27
What is the remainder when 95491 is divided by 1500?
991
What is the remainder when 619343 is divided by 48?
47
Calculate the remainder when 6062161 is divided by 38368.
17
Calculate the remainder when 71951703 is divided by 54.
51
Calculate the remainder when 1337392 is divided by 52.
4
Calculate the remainder when 903224 is divided by 25.
24
What is the remainder when 1123259 is divided by 2316?
2315
Calculate the remainder when 178138 is divided by 22246.
170
Calculate the remainder when 6494677 is divided by 3247242.
193
What is the remainder when 2188405 is divided by 2188372?
33
Calculate the remainder when 722701 is divided by 722650.
51
What is the remainder when 561839 is divided by 7697?
7655
Calculate the remainder when 287731497 is divided by 464.
457
Calculate the remainder when 3081593 is divided by 223.
179
What is the remainder when 56348 is divided by 3996?
404
What is the remainder when 342299572 is divided by 79?
77
What is the remainder when 94700 is divided by 885?
5
What is the remainder when 2635796 is divided by 376426?
814
Calculate the remainder when 21023598 is divided by 650.
648
Calculate the remainder when 42673 is divided by 1122.
37
What is the remainder when 3579336 is divided by 101?
98
Calculate the remainder when 137977008 is divided by 1713.
1710
Calculate the remainder when 2603809 is divided by 78903.
10
What is the remainder when 3240441 is divided by 721?
267
Calculate the remainder when 175491 is divided by 221.
17
Calculate the remainder when 2963485 is divided by 1038.
1033
What is the remainder when 4815594 is divided by 107012?
54
What is the remainder when 1207184 is divided by 301795?
4
What is the remainder when 28634 is divided by 14035?
564
Calculate the remainder when 641 is divided by 227.
187
What is the remainder when 8070799 is divided by 44?
11
Calculate the remainder when 254706 is divided by 1585.
1106
Calculate the remainder when 1490553 is divided by 78449.
22
Calculate the remainder when 432603 is divided by 1985.
1858
Calculate the remainder when 6941965 is divided by 135.
130
Calculate the remainder when 95653169 is divided by 47826570.
29
Calculate the remainder when 32964988 is divided by 244185.
13
What is the remainder when 8948795 is divided by 358?
227
Calculate the remainder when 48202 is divided by 23136.
1930
Calculate the remainder when 8126972 is divided by 267.
26
What is the remainder when 77975838 is divided by 158166?
0
What is the remainder when 5233 is divided by 2546?
141
Calculate the remainder when 96082177 is divided by 487.
486
What is the remainder when 27318808 is divided by 479?
1
Calculate the remainder when 724218 is divided by 602.
12
What is the remainder when 10182670 is divided by 2187?
2185
Calculate the remainder when 9120693 is divided by 328.
325
Calculate the remainder whe